= 0, 4*t + 36 = 4*j. What is the tens digit of h(t)?
0
Let o(f) = 510*f**3 + 10*f + 11. Let t(c) = -c**3 - 1. Let u(g) = -o(g) - 3*t(g). What is the units digit of u(-1)?
9
Suppose 134 = 10*k + 44. Let f be (4 - (-573)/k)*21. What is the units digit of (-2)/(-8) - f/(-28)?
1
Let x = -307 + 530. Suppose x*g - 3608 = 219*g. What is the units digit of g?
2
Suppose 8*p - 9*p - 2*v - 5 = 0, 2*p - 2*v - 2 = 0. What is the units digit of 136/(-12)*(1 + p + -72)?
6
Let c(u) = -5 + 4*u - 5 - 2 - 5 + u**2. Let g be c(-6). Let o(p) = -p**3 + p**2 + 3*p + 3. What is the hundreds digit of o(g)?
1
Let j(d) = 1941*d**2 - 128*d + 518. What is the units digit of j(4)?
2
Suppose 4*j + 54959 = 3*c, -12*j - 73280 = -4*c - 8*j. What is the ten thousands digit of c?
1
Let a be -1 - 115/(3 - -2). What is the units digit of 4*6/a + 3*171?
2
Let g(c) = 49*c**2 + 20*c + 13. What is the thousands digit of g(14)?
9
Suppose 5*c = 2*a - 58466, 36*a + 116976 = 40*a + c. What is the hundreds digit of a?
2
What is the hundreds digit of (-449904)/(-88) + -8 + 246/33?
1
Let z(q) = 24*q**2 + 42*q + 350. What is the thousands digit of z(-13)?
3
Suppose -w + 2*n - 4*n = 209, 3*n - 6 = 0. Let c(i) = i**3 - 12*i**2 + 9*i + 1. Let k be c(5). Let m = k - w. What is the units digit of m?
4
Let f(j) = 49*j**2 - 26*j + 9. What is the hundreds digit of f(12)?
7
Suppose 5*i - 8 - 7 = 0, -3*d + 3 = -i. Suppose -9 = -5*h - d*s, 4*h + 5*s = 2*s + 10. What is the units digit of (3 + 11/(-3))*(-3)/h?
2
Let c(h) = 234*h**2 - 5 + 13 - 7*h - 4*h**2 + 271*h**2. What is the units digit of c(1)?
2
Let p be (30/(-9))/((-12)/90*5). Suppose -f + l + 2 = p, f + 8 = 2*l. Suppose f*n - 336 = -2*u, -5*u + 3*n = 6*n - 830. What is the units digit of u?
3
Let t = 391 + -382. What is the hundreds digit of -13*(13 - t)*372/(-16)?
2
Let n = -31593 + 60844. What is the hundreds digit of n?
2
Suppose -19 = -4*b + 1. Let g be 0 - (360/b - 0). Let z = -30 - g. What is the units digit of z?
2
Let t(d) = d**3 - d**2 - d. Let h be t(-1). Let u(w) be the first derivative of -9*w**4/4 - w**3/3 - w**2 - w - 725. What is the units digit of u(h)?
9
Let h(z) = -5*z**2 - 4*z - 10. Let a be h(-6). Let m = a - -83. Let r = m + 163. What is the tens digit of r?
8
What is the hundreds digit of 126521/23 + 80/920?
5
Let l = 72687 + -9216. What is the thousands digit of l?
3
Let i(x) = 67*x**3 + 64*x**2 - 250*x + 2. What is the tens digit of i(4)?
1
Suppose 2*z + 3*y = 15, 0*z = -z + y - 5. Let x(s) = -s**2 - 2*s + 2. Let l be x(z). Let t(w) = 19*w**2 + 5*w - 5. What is the tens digit of t(l)?
8
Let v be (-85)/(-34)*16/(-10). What is the units digit of 0 + v + (-2)/(-4)*458?
5
Suppose -5*p - 3*o + 26 = 0, 4*p - 2*o - 18 = -3*o. Let f(r) = 24 - 468*r**2 - 382*r**2 - 5*r + 851*r**2. What is the units digit of f(p)?
0
Suppose 143*v - 135472 = 37*v + 608436. What is the thousands digit of v?
7
Let t = -471 - -471. Let o = 0 - 0. Suppose 5*c + 4*i - 524 = o, t = 2*c - 5*i + i - 204. What is the hundreds digit of c?
1
Let w(x) = -x**2 - 25*x - 8. Let g(n) = -n**3 - 8*n**2 - 8*n + 2. Let j be g(-8). Suppose 0 = 6*q - 0*q + j. What is the tens digit of w(q)?
4
Let v(r) = r**3 - 92*r**2 + 128*r - 63. What is the ten thousands digit of v(92)?
1
Suppose 98*r - 79*r = 274287 + 140350. What is the units digit of r?
3
Suppose 17*v + 10 = 27. What is the units digit of -9 - -13 - 5*(-4)/v?
4
Let f(y) = 51*y**2 + 68*y - 46. What is the ten thousands digit of f(24)?
3
Suppose 851627 - 1578745 = -111*i + 2575465. What is the ten thousands digit of i?
2
Let i = 32359 - 18562. What is the units digit of i?
7
Let a(r) = r**2 - 4*r - 10. Let w be a(5). Let m be w + (4 - 15/3). What is the units digit of -273*(-2)/(-4)*m/9?
1
Let b = 2403 + 7123. What is the units digit of b?
6
Suppose 2*b = -2, -z - 2*b = 3 - 11. Suppose 5*d = z, -4*l + 26 = l - 2*d. What is the units digit of 9*4/24*l?
9
Suppose 4*f - 2*f - 30 = 0. Let w(j) = 19 - 10 - f - 13*j - 27. What is the units digit of w(-22)?
3
Let y(o) = 4*o**2 + 6*o + 39. Let g be 11 - (0/5)/(-1). What is the units digit of y(g)?
9
Let a(r) = 24215*r - 3059. What is the units digit of a(3)?
6
Suppose -3*a - i + 25593 = 2*i, 13*a = 2*i + 110978. What is the tens digit of a?
3
Suppose -27*b + 10*b = -142239. What is the hundreds digit of b?
3
Suppose 187*w - 130034 = 164*w + 986202. What is the thousands digit of w?
8
Suppose v - 572 = 5572. What is the units digit of v?
4
What is the units digit of 2265/(-105) + 21 + (-14767)/(-7)?
9
Suppose -119*v = -115*v - 8. Suppose 2*y + v*w = y + 590, 5*y - 3010 = 2*w. What is the hundreds digit of y?
6
Suppose -3*k - o = -1169 + 178, 2*k - 666 = -2*o. Let m = k - -208. What is the tens digit of m?
3
Let m be ((-26)/(-4))/(-5*1/(-10)). Suppose 0 = -5*b + m - 3. Suppose -4*p + 2 - 10 = 0, -b*p - 329 = -5*g. What is the tens digit of g?
6
Let x = 370 - -355. Suppose w - 4*l - x = -9*l, -w = -l - 695. What is the units digit of w?
0
Let m(z) = 30*z + 5. Let h be m(-1). Let q = h - -12. Let g(a) = -a**3 - 12*a**2 + 2*a + 18. What is the hundreds digit of g(q)?
1
Suppose -84*v + 179438 + 488698 = 0. What is the tens digit of v?
5
Suppose -69052 = 164*f - 1492572. What is the tens digit of f?
8
Suppose 0 = -5*v - 5*t + 90, -3*v + 3*t = -2*t - 22. Let q(m) = 48*m + 262. What is the units digit of q(v)?
4
Let s be 416/(-10) + 14/(-35). Let m = s + 42. Suppose -2*g + 5*u = -19, m = 3*g - 0*u - u - 9. What is the units digit of g?
2
What is the hundreds digit of (-9702716)/(-204) + (1/3)/(-15 - -14)?
5
Let b(l) = -68*l**3 + l**2 + 17*l + 34. What is the units digit of b(-4)?
4
Suppose -w - u + 121 = 0, -5*w + 418 + 187 = 2*u. What is the tens digit of 148687/w + 1 + (-18)/22?
2
What is the thousands digit of 186*((-318)/(-9) + 5) - -7?
7
Suppose -4*r = 2*f - 9*r - 8294, -3*f + 5*r + 12426 = 0. What is the hundreds digit of f?
1
Let j(v) = -125*v**3 + v**2 - 6*v - 31. What is the tens digit of j(-3)?
7
Let n(s) = 2439*s**2 - 7*s - 4. What is the hundreds digit of n(-1)?
4
Let s be 1226/(-6) + 1 + 24/(-9). Let z = s - -428. What is the units digit of z?
2
Let c(l) = -24*l - 6. Let x(r) be the second derivative of -r**5/20 + r**4/3 - r**3/3 + r**2 + 6*r + 1. Let v be x(4). What is the hundreds digit of c(v)?
1
Let d(y) = -2*y**3 - 66*y**2 + 81*y - 9. What is the units digit of d(-48)?
3
Suppose -109*x + 151845 + 476001 = -449183. What is the tens digit of x?
8
Let y = 466 + 120. What is the tens digit of y/(-4)*(-54)/(-6 + 15)?
7
Suppose -y + p = -365, -2*y = 3*y + 2*p - 1797. What is the tens digit of 16 + y - (0 - 1)?
7
Let x = 345 - 339. What is the units digit of ((-159)/6)/(x/108*-3)?
9
What is the thousands digit of ((-115)/(-460))/((-2)/(-186008))?
3
Suppose -4*i = -4*p + 34368, -352*p - 3*i - 42952 = -357*p. What is the tens digit of p?
8
What is the units digit of 10/4*(-17 - (-144749)/11)?
5
Suppose 16 = 3*t - 17. Suppose 0 = 4*c - 18 - 146. Let n = c - t. What is the tens digit of n?
3
Let h(k) = -k**2 + 4*k + 250. Let c be h(18). What is the units digit of (2/(-12)*c)/((-9)/(-14769))?
7
Suppose 3*x - 15622 = 5*z + 19147, -4*x + 5*z = -46362. What is the units digit of x?
3
What is the units digit of (49818/9)/(152/228)?
3
What is the hundreds digit of (-1725460)/(-70) - (-80)/(-56)?
6
Let a(f) = f**2 + f - 1. Let l be a(-3). Let u(x) be the first derivative of 27*x**2/2 + 15*x - 610. What is the tens digit of u(l)?
5
Let v = -4532 + 9650. What is the thousands digit of v?
5
Let f(m) = 97*m - 4. Let g be f(4). Let q(x) = -x**3 + 14*x**2 - 21*x + 173. Let o be q(12). Let s = g - o. What is the hundreds digit of s?
1
Let j(d) = -196*d**3 - 9*d**2 - 32*d - 77. What is the tens digit of j(-5)?
5
Suppose 126227 - 34295 = 47*l. What is the hundreds digit of l?
9
Let o = -9 - -9. Suppose o = 4*d + 205 + 879. Let q = d + 388. What is the units digit of q?
7
Suppose 521*g - 525*g + 3*i + 92432 = 0, 0 = -i + 4. What is the thousands digit of g?
3
Let k = 79 + -70. Let m(d) = -8*d**3 + 16*d**3 - 20*d - 15 - 7*d**3 + k*d**2. What is the tens digit of m(-10)?
8
Let a(c) = c**2 + 11*c - 25. Let z(g) = -3*g**2 - 34*g + 74. Let d(x) = 17*a(x) + 6*z(x). What is the tens digit of d(-8)?
9
Let d = -62266 - -93679. What is the tens digit of d?
1
Let h = 101174 + -38152. What is the hund